 = a*l - 4564. What are the prime factors of l?
163
Suppose 16*y - 3461 = -3*k + 11*y, 5*k = -5*y + 5775. Suppose 4*h - 2411 = k. What are the prime factors of h?
2, 223
Let i(k) = 322*k - 1507. What are the prime factors of i(11)?
5, 11, 37
Suppose -1554 = -12*k + 9*k. Let i = k - 215. List the prime factors of i.
3, 101
Let w = -52 - -67. Let p(y) = 63 - 62 + y + 80*y**3 - 3*y**2 - w*y**3. List the prime factors of p(1).
2
Let g(f) = -2*f - 27. Let b be g(-13). Suppose 11*u + 3 = -8. List the prime factors of (u + b)*714/(-12).
7, 17
Suppose -40119 = -14*r + 44693. Suppose -23*k + r = -10*k. What are the prime factors of k?
2, 233
Suppose 2*c - 20012 = -2*b - 2*c, -25 = -5*c. Suppose 26*r + 2*r - b = 0. What are the prime factors of r?
3, 7, 17
Suppose -g + 0*g = -l - 36, 4*l - 5*g = -139. Suppose 5*r = -8*w + 5*w - 74, -5*r = 5. Let i = w - l. List the prime factors of i.
2, 3
Suppose -n + s + 148 = -4*s, 0 = 3*n - 5*s - 454. Let l = 223 - n. Let y = l + -12. List the prime factors of y.
2, 29
Let p(y) be the first derivative of 13*y**5/30 + 3*y**4/8 - 8*y**3/3 + 22. Let i(r) be the third derivative of p(r). What are the prime factors of i(2)?
113
Suppose -11*u = 16*u - 20844. Suppose 0 = -k - 2*k - 2*d + u, 0 = 3*k - 3*d - 747. List the prime factors of k.
2, 127
List the prime factors of 864015/((-105)/(-7)) - 28/(-4)*1.
2, 19, 379
What are the prime factors of ((-4799746)/(-77))/2 + 22/(-121)?
3, 3463
Let t = 344 - 339. Suppose -t*c - 668 = -2483. List the prime factors of c.
3, 11
Let z = 106 - -1750. List the prime factors of z.
2, 29
Let l be 7/((-21)/(-6))*2. Let n(y) = 31*y + 12. Let d be n(2). List the prime factors of d*(-6)/(-8)*l/6.
37
Suppose 0 = -4*m - 16, -2*p + m + 24 = 2. Suppose 0*t = -p*t + 1323. What are the prime factors of t?
3, 7
Let y = 15 + -15. Suppose 0 = -4*j - a - y*a, j - a = 0. Suppose -3*f + 247 = -j*f - l, 0 = -l + 2. What are the prime factors of f?
83
What are the prime factors of 16 + 272*108 + 16?
2, 919
Let j be 0/((-15)/(-3)) + 7. Suppose j*s - 92 = -36. Let x(c) = 6*c - 3. What are the prime factors of x(s)?
3, 5
Let r = 1 + 1. Suppose -3*f - 168 = -r*q + 770, -3*q - 5*f + 1445 = 0. List the prime factors of q.
5, 19
Suppose 10*k + 627 - 667 = 0. Suppose -4*b = 3*u - 0 + 4, 4*b + 4 = 0. Suppose -4*m = g - 2*g + 227, u = k*g - m - 908. List the prime factors of g.
227
Let s(r) = 5*r + 2. Let m(u) = 4*u + 3. Let a(y) = -3*m(y) + 2*s(y). Let v be a(-12). Suppose 14*t = v*t - 400. What are the prime factors of t?
2, 5
Let j(q) = -39*q + 43. Let i(x) = -19*x + 22. Let g(h) = 7*i(h) - 3*j(h). Let o be g(3). Let v = 32 + o. List the prime factors of v.
3
Let y = -93 - -277. Let m = -1392 + 1302. Let o = m + y. What are the prime factors of o?
2, 47
Suppose 5 = -n + 3. Let u be (-435)/48 - (-12)/192. What are the prime factors of n + (-4 - u) + 9?
2, 3
Suppose 0 = -3*i + 982*x - 985*x + 35304, -2*i = -5*x - 23508. What are the prime factors of i?
2, 17, 173
Let x(z) = 137*z + 346. Let l(v) = 91*v + 230. Let g(k) = 8*l(k) - 5*x(k). List the prime factors of g(17).
29
Suppose 0 = -5*k - 5*j + 206405, 14*k - 11*k + 2*j - 123840 = 0. What are the prime factors of k?
2, 20639
Let o = -239 - -555. Let z = -599 + o. What are the prime factors of (-3)/(-9)*-1 + z/(-3)?
2, 47
Suppose 2*c = -u + 9, 4*u = -5*c + 16 + 20. Suppose h + 2*h - u = 0. Suppose 2*t + 2*t = -h*r + 356, -t = -3*r + 346. List the prime factors of r.
2, 29
Let l(t) = -90*t + 401. List the prime factors of l(4).
41
Suppose 3*d = 2*d - x + 7215, 0 = x + 1. What are the prime factors of d?
2, 11, 41
Suppose 439 = -2*y + 4*n - 815, n = -5*y - 3091. Let c = y + 729. What are the prime factors of c?
2, 5, 11
Suppose 478 = h - 19. Suppose -3*t - h - 250 = 0. Let p = -151 - t. What are the prime factors of p?
2, 7
Suppose -20*l + 4*b + 24627 = -17*l, 0 = -2*l + 5*b + 16411. List the prime factors of l.
43, 191
Let g be (-41)/205 + (-486)/(-5). Let s = g + 167. What are the prime factors of s?
2, 3, 11
Let f(q) = -4*q + 28. Let a(x) = 3*x**2 - 3*x - 1. Let g be a(-1). Let p be f(g). Suppose 2*v + 5*o - 279 = 0, p + 12 = 4*o. List the prime factors of v.
127
Suppose v - 34724 = 3*c - 2087, 163221 = 5*v - 3*c. What are the prime factors of v?
2, 3, 5441
Suppose 5*x + s = 2*x + 2605, 4*x + 2*s = 3476. Let p = x + -479. List the prime factors of p.
2, 97
Let c(f) = 36*f**2 + 213*f + 197. List the prime factors of c(-45).
2, 17, 467
Let w(f) = -12*f**2 - 589*f - 99. What are the prime factors of w(-46)?
7, 229
Let v(s) = 534*s + 1583. What are the prime factors of v(20)?
12263
Suppose 4*q + g + 93 = -2*g, 3*q + 66 = -g. Let p be (6/8)/(-1 - q/24). What are the prime factors of 6/(-4) - (0 - (-525)/p)?
2, 43
Let j be (-4*905/20)/(0 + -1). Suppose 0 = -2*m - t + 360, -4*t = -2*m + 179 + j. What are the prime factors of m?
2, 3, 5
Let m = 73 + -71. Let h(w) = 3*w + 10*w**m - 26*w**2 - 11*w + w**3. List the prime factors of h(17).
3, 17
Suppose b + 3 = 2*b. Suppose h = -4*h + 3*g + 22, b*h = -5*g + 20. Suppose 10 = 5*y + 2*k - 20, 5*y = -h*k + 15. List the prime factors of y.
2
Let u be (2 + -2)/(9 - 5). Suppose u = -10*i + 15*i. Suppose 6*p - 637 + 175 = i. List the prime factors of p.
7, 11
Suppose 20*p - 96 + 16 = 0. Let k be (p/(-5 + 1))/((-3)/(-39)). What are the prime factors of k/(234/12) + (-56)/(-3)?
2, 3
List the prime factors of 3*(-7)/63 + 29120/6.
23, 211
Suppose 0 = 5*u - 5*k - 59045, -1348*k + 1349*k = -3*u + 35451. List the prime factors of u.
5, 17, 139
Suppose 42*h - 307789 - 28878 = 326513. List the prime factors of h.
2, 5, 1579
Let c(s) = s**2 - 5*s + 65. Let x(u) = -u**2 + 17*u - 16. Let f = -31 + 47. Let j be x(f). List the prime factors of c(j).
5, 13
Let l(p) = -78*p + 88 + 27 - 39 + 68. List the prime factors of l(-4).
2, 3, 19
Let a be ((-2)/(-2))/1 + 40*1. Let y(f) = 22*f - 193. What are the prime factors of y(a)?
709
Let s(u) = 52*u**2 + 87*u - 2788. List the prime factors of s(23).
3, 2969
Suppose 0*q + 15 = 3*q, 2*z - 9 = -5*q. Let b be 4/z*54/(-3). Suppose 734 + 67 = b*o. List the prime factors of o.
89
Let i = -99 + 104. Let x(l) be the third derivative of l**5/15 - 7*l**4/24 + 5*l**3/6 + 7*l**2. List the prime factors of x(i).
2, 5, 7
Let s be (0 - -5) + (1492 - (-6 - -10)). Let c = s - 594. What are the prime factors of c?
29, 31
Let l(f) = -f**3 + 3*f**2 + 24*f - 17. Let y be l(6). Suppose -5*t + 801 = u + y, -t + 3033 = 4*u. List the prime factors of u.
757
Let i(a) = 3*a - 25. Let k be i(5). Let g be (-1*6)/(k/135). List the prime factors of 2 + (g - (3 + 0)).
2, 5
Let i = 18 - 12. Let u(a) = i + 7 + 0 - 4 - 15*a. What are the prime factors of u(-4)?
3, 23
Suppose 0 = -224*c + 291*c - 1448071. What are the prime factors of c?
21613
Let q = -30676 - -62265. What are the prime factors of q?
31, 1019
Let g be 3/(15/(-24) - -1). Let c be (2 - 1) + g*(-3)/(-12). List the prime factors of 1/((-3)/(3 + c)) + 63.
61
List the prime factors of (1 - (6 + -7) - 110140)*5/(-10).
7, 7867
Let q(j) = j**3 - 6*j**2 - 5*j - 15. Let h be q(7). Let c be 8/48 + h/6. Suppose c = -5*n - 5*b + 4*b + 221, -205 = -5*n - 5*b. List the prime factors of n.
3, 5
Suppose -177*i + 89043 = -176*i + t, 0 = -i - 2*t + 89036. What are the prime factors of i?
2, 5, 13, 137
Suppose -3339 = -66*d + 75*d. Let z = -189 - d. What are the prime factors of z?
2, 7, 13
Let n = 60 - 185. Let o = n + 477. What are the prime factors of o?
2, 11
Let g(d) = d + 1. Let n be g(6). Let b be (0 + n - 2) + 2. Let i(c) = c**3 - 5*c**2 - 6*c - 6. List the prime factors of i(b).
2, 5
Let c be (-236097)/21 + 3 + 2/(-7). List the prime factors of (-3)/12 - c/32.
3, 13
Let h = 22 + 20. Let d = h + 62. Let g = d - 39. What are the prime factors of g?
5, 13
Let q be 26 - -46 - (-4)/(1/(-1)). Let n = q + -75. Let c(w) = -9*w + 12. List the prime factors of c(n).
3, 5
Let z(a) = a**2 - 8*a - 262. Let x be ((-7)/(-7))/((-3)/57). What are the prime factors of z(x)?
251
Suppose 581*s = 611*s - 1382040. What are the prime factors of s?
2, 3, 11, 349
Suppose 16*y + 445 = 21*y. Let r = 44 + y. List the prime factors of r.
7, 19
Let g = 54988 - -6524. What are the prime factors of g?
2, 3, 11, 233
Let w = 431 - 1093. Let n = w - -2102. List the prime factors of n.
2, 3, 5
Suppose 4*k + 2*k + 3*